In base 3, what is 2101101221120 - -1?
2101101221121
In base 9, what is -16843 + 1406?
-15436
In base 8, what is -2 - -76714207?
76714205
In base 13, what is -3 - -8024a8?
8024a5
In base 4, what is -102 + 1310213332?
1310213230
In base 12, what is -183b72aba + 4?
-183b72ab6
In base 9, what is -152 + -326128?
-326281
In base 14, what is -22 - -1b716dc?
1b716ba
In base 10, what is 835795 + -7?
835788
In base 14, what is -260 + -5048?
-52a8
In base 6, what is 2532 - 14520?
-11544
In base 2, what is 100001111010000 + -1111100?
100001101010100
In base 3, what is -11 + 10201001022120100?
10201001022120012
In base 13, what is 4 + 5007263?
5007267
In base 12, what is -39231139 - 5?
-39231142
In base 7, what is 130 - -11612466?
11612626
In base 16, what is de + -15796?
-156b8
In base 3, what is -20100210 - 1211211?
-22012121
In base 3, what is -2100202120122220 + -102?
-2100202120200022
In base 9, what is -175157 - 558?
-175726
In base 10, what is -105512 - 2959?
-108471
In base 12, what is 4b630949 + -2?
4b630947
In base 14, what is 230 - -29c80?
2a0b0
In base 10, what is -20717439 + 0?
-20717439
In base 7, what is 23136 - -151504?
204643
In base 16, what is -af3 - -39d?
-756
In base 11, what is -1144 + -1076a6?
-10883a
In base 2, what is -11111 + 10100010000010?
10100001100011
In base 5, what is 4 + 33023033123?
33023033132
In base 15, what is -11821 + -1ab8?
-133d9
In base 6, what is -3441 + -2255024?
-2302505
In base 2, what is -1011001101110100001 - 110?
-1011001101110100111
In base 3, what is -100212120200021 - 1?
-100212120200022
In base 10, what is 17 - -1577552?
1577569
In base 11, what is -2 + -668713?
-668715
In base 5, what is 40314 + -401334?
-311020
In base 2, what is -1101001101111 - 110000?
-1101010011111
In base 3, what is 1222010010 - -120110?
1222200120
In base 12, what is 261760 - -12?
261772
In base 10, what is 2635 + 4350?
6985
In base 13, what is b56a - 105b?
a50c
In base 9, what is 4 - -1451470?
1451474
In base 3, what is 1111010001 - -22002220?
1210012221
In base 15, what is -1c + 370ea0?
370e83
In base 5, what is -10 - 3144224300?
-3144224310
In base 15, what is -5 - 9c92ae?
-9c92b4
In base 13, what is -172751013 - 2?
-172751015
In base 10, what is 1142 + -6591?
-5449
In base 14, what is 1586 + 10d?
1695
In base 5, what is -12 + 2244442411?
2244442344
In base 13, what is -24b - 594a8?
-59726
In base 15, what is 13a3d05 - 4?
13a3d01
In base 11, what is 53 + -1a4501?
-1a4459
In base 9, what is -1465 + -507534?
-510110
In base 9, what is -470766 - 120?
-470886
In base 9, what is -834 - -12182?
11247
In base 6, what is 3034320 + -12210?
3022110
In base 7, what is -10204402 + 136?
-10204233
In base 15, what is 0 + -1ba414?
-1ba414
In base 4, what is -220310 - -1111033?
230123
In base 16, what is d3f48f - 2?
d3f48d
In base 15, what is 111 - 34d6be?
-34d5ad
In base 15, what is 660 - 17a?
4d5
In base 12, what is -172 - 76a455?
-76a607
In base 5, what is 4020 + -121314?
-112244
In base 12, what is 379a - -432?
4010
In base 13, what is 23 - 9b95b06?
-9b95ab3
In base 4, what is -31110233102 - -23?
-31110233013
In base 3, what is -12 + -22120110202221?
-22120110210010
In base 3, what is -2121102 + -2022011101?
-2101202210
In base 9, what is 8 - -26408215?
26408224
In base 15, what is -50 + e18c?
e13c
In base 13, what is -a5721ac5 + -1?
-a5721ac6
In base 10, what is -16503 - 756?
-17259
In base 8, what is -47646631 + 3?
-47646626
In base 2, what is -110110110011 + 11001100010?
-11101010001
In base 10, what is 10855639 - 12?
10855627
In base 4, what is -1011013032 - 12222?
-1011031320
In base 5, what is 3011 - -11143243?
11201304
In base 2, what is 1100 + -101010010001010?
-101010001111110
In base 3, what is -10 + -1022201110211220?
-1022201110212000
In base 11, what is -5 + -434252a?
-4342534
In base 2, what is 1001011001 + 101100101100010110?
101100110101101111
In base 4, what is -221121 + 102222330?
102001203
In base 15, what is -1546e475 - -6?
-1546e46e
In base 12, what is -179a + -1409?
-2ba7
In base 16, what is 42b + 33d?
768
In base 9, what is 30 - -216606?
216636
In base 4, what is 212 + -32311232?
-32311020
In base 2, what is -1011100111001101 - -1001101001110?
-1010011001111111
In base 9, what is -221370 + 787?
-220472
In base 8, what is -2472 + -6117?
-10611
In base 13, what is 14144 - -a4c?
14b93
In base 5, what is -400213 + 1320041?
414323
In base 13, what is -2 - -196723c7?
196723c5
In base 2, what is -101 - -11100000101100110000000?
11100000101100101111011
In base 7, what is 60301245 + -42?
60301203
In base 11, what is 30 - -579a8?
57a28
In base 8, what is -3744052 + -65?
-3744137
In base 6, what is 510101 - 2324?
503333
In base 15, what is -2c + -1e7ea0d?
-1e7ea3a
In base 11, what is 1 - -13166187?
13166188
In base 14, what is -b7 - -3b0cc?
3b015
In base 4, what is 101 - -2023122003?
2023122110
In base 8, what is 2 + -216616425?
-216616423
In base 2, what is -101 - -11001011101000001011100?
11001011101000001010111
In base 9, what is 3106762 + 5?
3106767
In base 3, what is 2 + -1210210222110?
-1210210222101
In base 8, what is -175156 + 4467?
-170467
In base 5, what is -33140112 + -10001?
-33200113
In base 10, what is 533515 + 6?
533521
In base 12, what is -1764963 + a1?
-1764882
In base 13, what is 1 + -7a92b1?
-7a92b0
In base 5, what is -114 - -2341132103?
2341131434
In base 15, what is -5 + 2690d99?
2690d94
In base 13, what is -7 - 2b295814?
-2b29581b
In base 13, what is -86 + ac174?
ac0bb
In base 3, what is -112122010001 + 1022?
-112122001202
In base 6, what is -10212051 - 551?
-10213042
In base 9, what is 12184016 + -8?
12184007
In base 7, what is -40004 + -26352?
-66356
In base 7, what is 125114322336 + -2?
125114322334
In base 13, what is -1 + 19a66584?
19a66583
In base 11, what is -242a47 - -26?
-242a21
In base 13, what is -5081509 - -14?
-50814c5
In base 5, what is 111 + 34114323?
34114434
In base 12, what is -13 + 545964?
545951
In base 9, what is 47 - 1447805?
-1447747
In base 12, what is -3408133 - -b?
-3408124
In base 2, what is -101101110001101000 - 100101101?
-101101110110010101
In base 11, what is -142655834 + 0?
-142655834
In base 2, what is 1 - -1111010010101100000010100100?
1111010010101100000010100101
In base 5, what is -124 - -3143120?
3142441
In base 7, what is -65304230 - 46?
-65304306
In base 13, what is -c - -a36c96?
a36c87
In base 11, what is 1a0a5 - 535?
19670
In base 13, what is -2a335 + 1c?
-2a316
In base 3, what is 11 + -2210000001101202?
-2210000001101121
In base 12, what is 4 - 524378a5?
-524378a1
In base 6, what is -325541 - 2201?
-332142
In base 4, what is -1 + 13123201120111?
13123201120110
In base 5, what is 11 + 1131020413?
1131020424
In base 10, what is -180594862 + 4?
-180594858
In base 11, what is 2189242a + -2?
21892428
In base 3, what is 120020 + 10201002121001?
10201010011021
In base 8, what is 1 - 14734240?
-14734237
In base 5, what is 432231123033 + 3?
432231123041
In base 8, what is -747665537 + 11?
-747665526
In base 2, what is 100100110000110001111111010 - -100?
100100110000110001111111110
In base 13, what is 0 - -10199b4?
10199b4
In base 3, what is 11 - -22022002221212211?
22022002221212222
In base 15, what is -13d54c - -7?
-13d545
In base 8, what is 221705 - -2060?
223765
In base 15, what is -7e8162a + 1?
-7e81629
In base 9, what is -55436 + -10?
-55446
In base 12, what is -2 + -339b59b?
-339b5a1
In base 10, what is 2947969 + 5?
2947974
In base 5, what is -231 - -42121124?
42120343
In base 6, what is -5215 - 2020341?
-2030000
In base 5, what is -20304 + -130402?
-201211
In base 9, what is -41 + 38378613?
38378562
In base 2, what is -10010111 - -111001101010001000?
111001100111110001
In base 4, what is 1033030031010 - 200?
1033030030210
In base 10, what is -3 + 885337?
885334
In base 12, what is 253 + 47a1?
4a34
In base 11, what is 3075a - -27?
30786
In base 10, what is 29298 + 10680?
39978
In base 6, what is -351031541 + 31?
-351031510
In base 2, what is -10001110 - 1001010101010100010?
-1001010101100110000
In base 13, what is 12 + -62186?
-62174
In base 16, what is 2 - -538cd8?
538cda
In base 14, what is -16148 - -609?
-1593d
In base 7, what is 20 + 126021?
126041
In base 5, what is 414 + 4010403044?
4010404013
In base 4, what is 323 - -110211213?
110212202
In base 5, wha